. Calculate the remainder when 142 is divided by z.
22
Suppose -4*h - g + 136 = 31, 2*h = -4*g + 42. Calculate the remainder when 323 is divided by h.
26
What is the remainder when 419 is divided by 534/10 - 3*16/120?
48
Suppose 0 = 4*w - 5*n + 20, -4*n = -5*w - 2*n - 8. Suppose w = -12*f + 5*f + 140. Calculate the remainder when f is divided by -7*(18/7)/(-3).
2
Let p = -6 + 18. Suppose j - 3*j = -q + 8, 3*q + 3*j = -p. Suppose q = -3*s + 70 + 203. What is the remainder when s is divided by 23?
22
Suppose -5 = -k - w, 5*k = w - 2 + 15. What is the remainder when 25 is divided by (-276)/(-30) + k/(-15)?
7
Let k(a) = -a**3 - a**2 + 3*a + 2. Let g be k(-2). Suppose g = 2*o - 4*o - p + 349, 1 = -p. Calculate the remainder when o is divided by 22.
21
Calculate the remainder when 189 + 1/(-1) + 15/(-15) is divided by 50.
37
Suppose 120 = 4*u - 4*s, -u + 4*s = 5*s - 20. What is the remainder when 497/5 - 6/15 is divided by u?
24
Let q(d) = -d**3 + 4*d**2 + d - 1. Let i(f) = -5*f**2 + 7*f - 2. Let c be i(5). Let b = 133 + c. Calculate the remainder when b is divided by q(3).
8
Let z(h) = -h + 13. Let b be z(9). Suppose 20 = b*l - 24. What is the remainder when l is divided by ((-7)/(-2))/((-2)/(-4))?
4
Suppose -45 = -0*d - 3*d. Suppose 5*w - 261 = 34. What is the remainder when w is divided by d?
14
What is the remainder when 22 is divided by (((-35)/(-10))/(-7))/(1/(-24))?
10
Suppose 0*p = 3*p - 21. Suppose 20 = -5*c + p*c. Suppose -2 = -h + 5*a - c, -h = -a - 8. Calculate the remainder when 33 is divided by h.
9
What is the remainder when 8 is divided by 46/(-115) - 14/(-10)?
0
Let p(q) = 4*q**2 - 42*q + 8. Let w be p(10). Calculate the remainder when 1941/15 - w/(-30) is divided by 33.
30
Let x(q) = q**3 - 3*q - 4. Let o(v) = 2*v**2 + 1. Let i be o(1). Calculate the remainder when (-2)/3 - 357/(-9) is divided by x(i).
11
Let v(f) = 23*f - 3. Let d be v(-2). Let n = d - -83. Calculate the remainder when n is divided by 18.
16
What is the remainder when 377 is divided by (-12)/54 - (994/(-18) - -1)?
53
Calculate the remainder when ((4/(-8))/((-4)/496))/2 is divided by 42/(-28)*(0 + 32/(-3)).
15
Suppose -4*i + 40 = 4*g, 2*g - i - 68 = -3*g. Suppose -10*f + 12*f = -2*r + 44, -2*r - 4*f = -46. Calculate the remainder when r is divided by g.
8
Let t be (-6)/(-9) + (-1589)/21. Let y = -23 - -7. What is the remainder when 23 is divided by (y/10)/(10/t)?
11
Let l = 240 + -174. Calculate the remainder when 227 is divided by l.
29
Let n be 0 + (-2 - -1) - 6. Let s(z) = 6*z - 4. Calculate the remainder when s(3) is divided by 220/40 + n/2 + 2.
2
What is the remainder when (-729)/(-3) - 56/(-2 - 6) is divided by 70?
40
Suppose 0 = 3*p - 14 - 22. Let w = -29 + 2. Let t = w - -30. Calculate the remainder when p is divided by t.
0
Let a(i) = i**2 + 3*i + 6. Let f(b) = -12*b**3 - 14*b**2 + 2 - 16 - 10*b + 13*b**3. What is the remainder when f(15) is divided by a(-5)?
13
Suppose -46*j + 41*j + 80 = 0. Calculate the remainder when j is divided by 5.
1
Let k(j) = 39*j - 150. What is the remainder when k(6) is divided by 17?
16
What is the remainder when ((-8)/5)/4*-110 is divided by (-4)/5 - 316/(-20)?
14
Suppose 8 = 4*h - 108. Calculate the remainder when h is divided by (10*2)/(8/6).
14
Let p = 740 + -491. Suppose 13*b = 16*b - p. What is the remainder when b is divided by 17?
15
Suppose 0 = -5*i + 167 - 57. What is the remainder when 81 is divided by i?
15
Let m = -178 - -189. Calculate the remainder when 3*(1 - 32/(-6)) is divided by m.
8
Suppose 5*s = 3*j + 36 - 191, 4*s = -16. Suppose -5*n = -20 - j. Let f = 1199 - 1150. What is the remainder when f is divided by n?
10
Suppose 0 = -3*n + 9 + 9. Let p = 96 + -65. What is the remainder when p is divided by (36/5 - 4)*15/n?
7
Let s(r) = 4*r**2 - 2*r - 4. Let a be 147/42 + (-2)/4. Suppose 7*n - 9 = 6*n. What is the remainder when s(a) is divided by n?
8
Let u(i) = 3*i + 13. Suppose 2*r + r = -27. Let s be u(r). What is the remainder when (-46)/4*(8 + s) is divided by 24?
21
Let x(r) = 6*r - 6. Let o be x(5). Suppose o + 1 = a. Calculate the remainder when (0 - -37)/(93/186) is divided by a.
24
Let l be 6*(-5)/(15/(-2)). Suppose -2*s - 3*r + 174 = 0, 2*s - l*r = -0*s + 146. Calculate the remainder when s is divided by 7.
4
Let j(n) = 2*n**2 + 29*n - 41. What is the remainder when 98 is divided by j(-17)?
10
Let x be ((-4)/12)/((-2)/186). Let p be x/(-1 - -3 - 3). Let a = p + 43. Calculate the remainder when a is divided by 7.
5
Let d(v) = 0*v**3 - 5*v - 4 + 6*v**2 - v**3 + v**2. Let j be d(5). Suppose -i + 0 = -j. What is the remainder when i is divided by 6?
3
Suppose 0 = 13*c + c - 1064. What is the remainder when c is divided by 14?
6
Suppose -3*d - 18 = -6*d. Suppose 4*z - 6 = d. Suppose t - 34 = -z*t + 3*u, 2*t = -4*u + 28. What is the remainder when 18 is divided by t?
8
Suppose 2*i = -q + 22, 3*i + 2*i = -2*q + 54. Suppose -5*y = 2*r - 1 + i, -3*r + 19 = y. Suppose r = l - 3. Calculate the remainder when l is divided by 8.
3
Let h(b) = 3*b**2 + 23*b + 19. Calculate the remainder when 77 is divided by h(-8).
23
What is the remainder when (-9 - (-13 - 0)) + 138 is divided by 48?
46
Let b be 12/(-10)*20/(-8). Let p be b*(-3 + (-20)/(-6)). What is the remainder when ((-456)/(-16))/(p/2) is divided by 20?
17
Let b be (-4 - -1)/(-6)*8. Suppose -b*d + 61 = -3*y, 0*y + 9 = d - 2*y. Calculate the remainder when 94 is divided by d.
18
What is the remainder when 178 is divided by (-675)/(-72) - ((-81)/24)/(-9)?
7
Suppose -47*d + 8353 + 2786 = 0. Calculate the remainder when d is divided by 30.
27
Let h(o) = -o**3 + 5*o**2 + 11*o - 35. Let a be 0/1 - (-2)/1. Suppose -a*z + 35 = 3*z. Calculate the remainder when h(4) is divided by z.
4
Suppose -4 - 11 = 3*k, -5*g + k = -5. Let z(s) = -4*s**2 - 3*s**2 + 4 + g - s**2 + s**3 - 7*s. Calculate the remainder when 108 is divided by z(9).
20
Let g(x) = x**3 + 8*x**2 + 7*x + 6. Let z = -318 + 328. Calculate the remainder when g(-6) is divided by z.
6
Suppose 2*k + 2*k = 160. Suppose -3*v + 5*f + 61 = 0, 72 = 5*v + 2*f - k. What is the remainder when 18 is divided by (-8)/44 + 158/v?
4
Let l(u) = u**2 + 10*u + 5. Let k be (1 - 11) + (4 - 4). Calculate the remainder when 28 is divided by l(k).
3
Suppose 3*o + 30 = -3*t, 2*o + 0*t + 25 = -3*t. What is the remainder when (-289)/o - (-44)/(-55) is divided by 30?
27
Suppose -w + 14 = -5*d, -3*w + w - 5*d - 2 = 0. Calculate the remainder when 67 is divided by (17/2)/(2/w).
16
Suppose -17 = 2*m - 39. What is the remainder when 32 is divided by m?
10
Suppose 64*i = 56*i + 224. Calculate the remainder when 111 is divided by i.
27
Suppose -2*b + 151 = -229. Calculate the remainder when b is divided by 49.
43
Suppose -a = -73 - 118. What is the remainder when a is divided by 25?
16
Let y(o) = o + 18. Let k be y(-16). Let r(a) = 3*a**3 - 4*a**2 + 3*a - 2. What is the remainder when (1 + -3)*42/(-4) is divided by r(k)?
9
Suppose 3*g + j - 64 = -2*g, -3*j = -g + 16. Suppose -2*l + 21 = 5. What is the remainder when g is divided by l?
5
Suppose l - 3*s = -s + 63, -2*l - 4*s + 126 = 0. What is the remainder when l is divided by ((-660)/60)/((-6)/4 - -1)?
19
Suppose -110 - 125 = -5*s. Suppose 9*a = -u + 11*a + 18, -u = -a - 17. What is the remainder when s is divided by u?
15
Suppose -11*o + 496 = 20*o. What is the remainder when 221 is divided by o?
13
Suppose 91 = 5*i + 4*h, -i + 15 = 2*h + 2*h. Let m = i + -8. What is the remainder when (-2)/(-11) - (-4041)/99 is divided by m?
8
Let t(u) be the second derivative of -8*u + 1/2*u**2 + 19/2*u**3 + 0. What is the remainder when t(1) is divided by 15?
13
Suppose -7*w = 28 - 49. Let i(p) = -p**2 - 9*p - 9. Calculate the remainder when i(-7) is divided by w.
2
Let q(k) = k**2 - 14*k - 112. What is the remainder when 183 is divided by q(-8)?
55
Let o = 130 + -39. Let c = o - 12. Calculate the remainder when c is divided by 20.
19
Let b(t) = -5 + 7*t - 9*t + 5 - 1 - 10*t**3. What is the remainder when 2/4*62 + -2 is divided by b(-1)?
7
Suppose -5*x - 65 - 10 = 0. Calculate the remainder when 2*x/9*-18 is divided by 16.
12
Let j(a) = -a**3 - 13*a**2 - 45*a - 12. What is the remainder when j(-9) is divided by 25?
19
Let n be 6/(-2)*(14 - 15). Suppose 5 = 3*j - 2*t - n*t, -2*j + 5*t - 5 = 0. Calculate 